10, what is -1 + 36801?
36800
In base 4, what is -31000313 - -102?
-31000211
In base 11, what is 1a455 - -5?
1a45a
In base 5, what is 3 + 1334141?
1334144
In base 3, what is 2 - 2021001201222?
-2021001201220
In base 13, what is 83 + -1c1c1?
-1c13b
In base 8, what is 34 + -2217?
-2163
In base 10, what is -55273 + -7?
-55280
In base 5, what is -442340434 - -4?
-442340430
In base 13, what is -5666 + -3a?
-56a3
In base 15, what is -9 - 28b19?
-28b23
In base 14, what is 2a - 1b980?
-1b954
In base 13, what is -c - 32366?
-32375
In base 14, what is -314 - 322?
-636
In base 16, what is -2 - -311?
30f
In base 11, what is -3 - -11a694?
11a691
In base 14, what is 46 - 4c5c?
-4c16
In base 15, what is -2 + -62960?
-62962
In base 14, what is 3 + -2227?
-2224
In base 6, what is -5 + -102354?
-102403
In base 4, what is -3223 - 1312?
-11201
In base 5, what is -4 - -111303341?
111303332
In base 9, what is -234402 - 0?
-234402
In base 7, what is 3343223 - -1?
3343224
In base 15, what is 11b + e?
12a
In base 15, what is 1 - -1e434?
1e435
In base 15, what is -46 - 10a?
-151
In base 13, what is -a6b - 10?
-a7b
In base 16, what is 2a + 66c?
696
In base 2, what is -10000010001011101001 - -11?
-10000010001011100110
In base 7, what is 103012 - 1?
103011
In base 2, what is -100011010011111100 - 0?
-100011010011111100
In base 11, what is -42116 + -1?
-42117
In base 2, what is 100 - -101100001100010?
101100001100110
In base 12, what is 18467 + -5?
18462
In base 16, what is -972 - f?
-981
In base 3, what is -12111120 + -1000?
-12112120
In base 6, what is 232354 - -3?
232401
In base 8, what is -4270 - 2?
-4272
In base 8, what is -4 - -1417136?
1417132
In base 15, what is 421 + 5?
426
In base 8, what is 4 - 223623?
-223617
In base 15, what is 1c + -2937?
-291a
In base 8, what is 261162 + 0?
261162
In base 10, what is -54 - 1151?
-1205
In base 4, what is -120032302 + 2?
-120032300
In base 16, what is -12 + 201?
1ef
In base 16, what is 15 - -151?
166
In base 15, what is 5 - -146c7?
146cc
In base 10, what is -10 + -5943?
-5953
In base 2, what is 11010011011010 + -1111101?
11010001011101
In base 11, what is 40423 - -17?
4043a
In base 9, what is 5 - -422536?
422542
In base 14, what is 180 + -2c6?
-146
In base 9, what is 7 + -262217?
-262210
In base 5, what is -10 - -232310?
232300
In base 14, what is -2bd + -33?
-312
In base 3, what is -2 - -22101222?
22101220
In base 8, what is 23374 + -12?
23362
In base 6, what is -135401021 + 2?
-135401015
In base 15, what is 1a + -1332d?
-13313
In base 10, what is 63 - 421?
-358
In base 14, what is b + -248d7?
-248ca
In base 10, what is -220 - -205?
-15
In base 15, what is 3 - 3c4?
-3c1
In base 13, what is -1 - 1883c?
-18840
In base 10, what is -11 + -68244?
-68255
In base 9, what is 1 - -22551?
22552
In base 14, what is -24 - -519?
4d5
In base 8, what is -1435034 + -2?
-1435036
In base 2, what is 10101110110110101 - -101?
10101110110111010
In base 11, what is -a260 + -14?
-a274
In base 4, what is 10 + -22222300?
-22222230
In base 4, what is -103313 + 110?
-103203
In base 15, what is 2 + -1b38e?
-1b38c
In base 5, what is 1 - 101030420?
-101030414
In base 5, what is -1130024 + 10?
-1130014
In base 11, what is -76 + -4815?
-4890
In base 13, what is -2 + -7423?
-7425
In base 10, what is 921 + 104?
1025
In base 14, what is 61b - -7?
624
In base 13, what is -11b - 4?
-122
In base 2, what is 1000000010100110 - 100?
1000000010100010
In base 16, what is 12 - ae?
-9c
In base 5, what is -11 + 242231?
242220
In base 7, what is -15311 + -5?
-15316
In base 11, what is 111 - -42?
153
In base 7, what is -1426 - -662?
-434
In base 8, what is -12552137 + 4?
-12552133
In base 13, what is -15 + a20?
a08
In base 2, what is 110110101110001 + -11?
110110101101110
In base 10, what is 80046 - 0?
80046
In base 3, what is -22100210 - 1010?
-22101220
In base 12, what is 25 - 170a?
-16a5
In base 10, what is 490 + -123?
367
In base 9, what is -18 - -4?
-14
In base 7, what is -22612 + 3?
-22606
In base 15, what is -3b457 - -2?
-3b455
In base 5, what is -14320 + 3230?
-11040
In base 16, what is 0 + 18d24?
18d24
In base 11, what is 1218 + 96?
1303
In base 9, what is -21604 + -43?
-21647
In base 12, what is -136 + 1a3?
69
In base 12, what is -61 + -7ba?
-85b
In base 11, what is -36 - 647?
-682
In base 5, what is -44000011 + -10?
-44000021
In base 8, what is -1666 - 4503?
-6371
In base 14, what is 6 - -14615?
1461b
In base 11, what is 72 + -104?
-42
In base 5, what is 1103134 - -10?
1103144
In base 11, what is 7a860a + 0?
7a860a
In base 14, what is 3 - 721?
-71c
In base 8, what is -3 + 160304?
160301
In base 8, what is -14 + 114066?
114052
In base 15, what is -56953 + 3?
-56950
In base 12, what is 5046 + 76?
5100
In base 2, what is -101001101 + 1000011000?
11001011
In base 3, what is 1012 - -120012?
121101
In base 8, what is 343 - -520?
1063
In base 7, what is 24646336 + -3?
24646333
In base 2, what is -100010000111010 + 11010?
-100010000100000
In base 14, what is 2 + 64a1?
64a3
In base 14, what is -66 - bb1?
-c37
In base 4, what is 221210 - 23?
221121
In base 7, what is -46225 - -2?
-46223
In base 8, what is -4 + -5037?
-5043
In base 15, what is 53e35 + 9?
53e3e
In base 15, what is 32d3 - e1?
31e2
In base 5, what is 31224130 + -2?
31224123
In base 5, what is -10 - -1131431?
1131421
In base 16, what is 3 + -7b92?
-7b8f
In base 10, what is -11 + 21221?
21210
In base 15, what is ae - -51?
110
In base 6, what is -551340 + -14?
-551354
In base 7, what is -3 + 636553?
636550
In base 7, what is 31110 - -225?
31335
In base 12, what is -7 - 37a8?
-37b3
In base 2, what is -10000011 - -1000?
-1111011
In base 11, what is -175 - -153?
-22
In base 11, what is -7a - 136?
-205
In base 13, what is 5 - -40390?
40395
In base 10, what is -7 - 4750?
-4757
In base 7, what is -2 - 4444?
-4446
In base 9, what is -436 + 8246?
7710
In base 16, what is -3f9 - -17e?
-27b
In base 8, what is -253764 + -17?
-254003
In base 2, what is 1100 - -110000100?
110010000
In base 10, what is 686102 + 0?
686102
In base 2, what is -100 - -10110001101?
10110001001
In base 10, what is 0 - 11445?
-11445
In base 15, what is 3b + -158?
-11c
In base 9, what is -100 - 1318?
-1418
In base 5, what is -23 - 21414?
-21442
In base 6, what is 3 - 114445343?
-114445340
In base 12, what is 314 + -62?
272
In base 13, what is -1b4 - -254?
70
In base 16, what is -4f15 - -27?
-4eee
In base 16, what is -e5 - 25c?
-341
In base 9, what is -3 - -41301?
41287
In base 3, what is 210221 - 100202?
110012
In base 8, what is 223156 + 0?
223156
In base 15, what is -9e50 + -11?
-9e61
In base 12, what is -b431a - 4?
-b4322
In base 5, what is 321042 - -2?
321044
In base 16, what is 7 + 5708?
570f
In base 14, what is 1 - -236dd?
23700
In base 9, what is 5 - 1668422?
-1668416
In base 16, what is 1 + -13a7?
-13a6
In base 4, what is -2323322 + 11?
-2323311
In base 14, what is 3b14 - 1b?
3ad7
In base 10, what is -27128 + -7?
-27135
In base 8, what is 22057 + 7?
22066
In base 11, what is -270a + 71?
-2649
In base 13, what is -a - -12b33?
12b26
In base 3, what is -2 - -10022011100?
10022011021
In base 11, what is 13767 + -14?
13753
In base 15, what is 5232e - 6?
52328
In base 10, what is -118 + 569?
451
In base 10, what is -1 - -225169?
225168
In base 2, what is 1000100111001101000 + 1001?
1000100111001110001
In base 12, what is -173124 - 0?
-173124
In base 8, what is 145 - 2351?
-2204
In base 15, what is -5 - 753?
-758
In base 16, what is -11a114 - 4?
-11a118
In base 12, what is -32 + -414?
-446
In base 11, what is -713257 + 1?
-713256
In base 6, what is -4 - -231?
223
In base 3, what is -101112 + 1120102?
1011220
In base 8, what is 123657 - 47?
123610
In base 11, what is -1 - 95521?
-95522
In base 16, what is 3 - 2456e?
-2456b
In base 3, what is 11 - 1212021220?
-1212021202
In base 2, what is -10010001111001 - -111?
-10010001110010
In base 8, what is -13 - 16330?
-16343
In base 8, what is -3 + 324775?
324772
In base 4, what is -211 - 3221300?
-3222111
In base 10, what is -3 - 33155?
-33158
In base 4, what is 23112 - -203?
23321
In base 6, what is 10421551 + -3?
10421544
In base 13, what is -11c54 + -1?
-11c55
In base 5, what is 223030 + 401?
223431
In base 14, what is -399b5 + 2?
-399b3
In base 15, what is 3 + 1817a?
1817d
In base 5, what is 1411121